ndred thousands digit of 1734124?
7
What is the thousands digit of 2673906?
3
What is the tens digit of 454993?
9
What is the ten millions digit of 10419505?
1
What is the tens digit of 99516?
1
What is the millions digit of 3876359?
3
What is the units digit of 361213?
3
What is the units digit of 94652?
2
What is the hundreds digit of 606704?
7
What is the thousands digit of 334569?
4
What is the hundreds digit of 7768657?
6
What is the ten thousands digit of 9140880?
4
What is the thousands digit of 142059?
2
What is the thousands digit of 5070320?
0
What is the units digit of 8137?
7
What is the ten millions digit of 14797840?
1
What is the units digit of 220880?
0
What is the units digit of 147464?
4
What is the ten thousands digit of 418903?
1
What is the tens digit of 247704?
0
What is the tens digit of 1394464?
6
What is the ten thousands digit of 7984376?
8
What is the hundreds digit of 528454?
4
What is the hundreds digit of 1213854?
8
What is the millions digit of 11711126?
1
What is the ten thousands digit of 229083?
2
What is the hundreds digit of 2651579?
5
What is the tens digit of 5472537?
3
What is the hundred thousands digit of 1008766?
0
What is the hundred thousands digit of 442930?
4
What is the millions digit of 2719759?
2
What is the ten thousands digit of 11463126?
6
What is the tens digit of 59803?
0
What is the hundreds digit of 19032?
0
What is the tens digit of 235174?
7
What is the thousands digit of 11101925?
1
What is the units digit of 4382208?
8
What is the thousands digit of 193332?
3
What is the tens digit of 451094?
9
What is the hundred thousands digit of 331270?
3
What is the ten thousands digit of 22525803?
2
What is the tens digit of 174456?
5
What is the thousands digit of 30698?
0
What is the ten thousands digit of 760678?
6
What is the hundred thousands digit of 922170?
9
What is the units digit of 568016?
6
What is the ten thousands digit of 42680826?
8
What is the tens digit of 39187123?
2
What is the ten thousands digit of 992272?
9
What is the hundreds digit of 611785?
7
What is the hundreds digit of 17212?
2
What is the tens digit of 14939773?
7
What is the millions digit of 5146976?
5
What is the ten thousands digit of 4881385?
8
What is the hundred thousands digit of 2338424?
3
What is the ten thousands digit of 498527?
9
What is the units digit of 4716590?
0
What is the hundred thousands digit of 2167523?
1
What is the thousands digit of 26684341?
4
What is the hundreds digit of 110212?
2
What is the tens digit of 76372?
7
What is the tens digit of 4287970?
7
What is the units digit of 19020420?
0
What is the hundred thousands digit of 26165342?
1
What is the thousands digit of 154064?
4
What is the millions digit of 2321095?
2
What is the hundred thousands digit of 4645523?
6
What is the ten thousands digit of 1143003?
4
What is the millions digit of 2430561?
2
What is the ten millions digit of 22188925?
2
What is the tens digit of 1053019?
1
What is the ten millions digit of 14948246?
1
What is the tens digit of 3388565?
6
What is the ten thousands digit of 1819638?
1
What is the millions digit of 2147574?
2
What is the tens digit of 1692299?
9
What is the millions digit of 14600655?
4
What is the thousands digit of 22623?
2
What is the hundred thousands digit of 262105?
2
What is the units digit of 2648011?
1
What is the millions digit of 3998237?
3
What is the tens digit of 1829515?
1
What is the ten thousands digit of 167448?
6
What is the hundred thousands digit of 2053932?
0
What is the tens digit of 4727641?
4
What is the hundred thousands digit of 1872368?
8
What is the units digit of 94619?
9
What is the units digit of 624910?
0
What is the units digit of 2715208?
8
What is the units digit of 6939242?
2
What is the units digit of 435037?
7
What is the ten thousands digit of 4545146?
4
What is the ten thousands digit of 225179?
2
What is the tens digit of 49535?
3
What is the hundred thousands digit of 738582?
7
What is the ten thousands digit of 8416525?
1
What is the thousands digit of 202330?
2
What is the hundreds digit of 707098?
0
What is the thousands digit of 6184841?
4
What is the ten thousands digit of 35441?
3
What is the millions digit of 2372640?
2
What is the tens digit of 81411?
1
What is the ten thousands digit of 32597153?
9
What is the ten thousands digit of 306338?
0
What is the ten millions digit of 25476448?
2
What is the ten thousands digit of 1529188?
2
What is the thousands digit of 13916388?
6
What is the tens digit of 7679942?
4
What is the millions digit of 15945379?
5
What is the units digit of 1823233?
3
What is the millions digit of 2512037?
2
What is the units digit of 2845038?
8
What is the units digit of 2682306?
6
What is the hundred thousands digit of 897852?
8
What is the tens digit of 99902?
0
What is the hundred thousands digit of 691149?
6
What is the ten thousands digit of 440233?
4
What is the thousands digit of 312385?
2
What is the hundred thousands digit of 1775403?
7
What is the hundred thousands digit of 100081?
1
What is the tens digit of 19537230?
3
What is the thousands digit of 18428357?
8
What is the thousands digit of 312389?
2
What is the ten thousands digit of 1332718?
3
What is the tens digit of 33281760?
6
What is the hundred thousands digit of 784028?
7
What is the hundreds digit of 118147?
1
What is the hundreds digit of 4974389?
3
What is the thousands digit of 224829?
4
What is the hundreds digit of 206183?
1
What is the tens digit of 12899438?
3
What is the hundred thousands digit of 501009?
5
What is the units digit of 2724501?
1
What is the ten thousands digit of 677167?
7
What is the ten thousands digit of 3736759?
3
What is the ten thousands digit of 791337?
9
What is the units digit of 254540?
0
What is the hundreds digit of 724418?
4
What is the units digit of 411381?
1
What is the hundred thousands digit of 5134544?
1
What is the ten thousands digit of 5209818?
0
What is the hundreds digit of 32164?
1
What is the millions digit of 2956270?
2
What is the ten thousands digit of 3395071?
9
What is the tens digit of 9723925?
2
What is the tens digit of 8148691?
9
What is the thousands digit of 3320714?
0
What is the units digit of 282893?
3
What is the hundreds digit of 55572?
5
What is the thousands digit of 3697307?
7
What is the units digit of 6235258?
8
What is the millions digit of 1590260?
1
What is the thousands digit of 31193?
1
What is the tens digit of 3434172?
7
What is the hundreds digit of 357608?
6
What is the units digit of 19685207?
7
What is the ten millions digit of 20430412?
2
What is the ten thousands digit of 582375?
8
What is the hundred thousands digit of 214300?
2
What is the ten thousands digit of 113254?
1
What is the millions digit of 1034904?
1
What is the units digit of 7327364?
4
What is the millions digit of 26279055?
6
What is the units digit of 155974?
4
What is the hundred thousands digit of 4750432?
7
What is the millions digit of 2867054?
2
What is the millions digit of 3827053?
3
What is the ten thousands digit of 27615?
2
What is the thousands digit of 1086336?
6
What is the hundred thousands digit of 439899?
4
What is the ten thousands digit of 248382?
4
What is the hundred thousands digit of 287445?
2
What is the units digit of 443384?
4
What is the millions digit of 1423007?
1
What is the hundreds digit of 396984?
9
What is the hundred thousands digit of 971306?
9
What is the ten thousands digit of 4477370?
7
What is the tens digit of 2342446?
4
What is the ten thousands digit of 1535443?
3
What is the thousands digit of 10951787?
1
What is the hundred thousands digit of 399584?
3
What is the units digit of 87681?
1
What is the ten thousands digit of 33823?
3
What is the thousands digit of 4009003?
9
What is the hundred thousands digit of 4726867?
7
What is the units digit of 4834557?
7
What is the hundred thousands digit of 2495351?
4
What is the ten thousands digit of 13197398?
9
What is the ten thousands digit of 36175720?
7
What is the hundred thousands digit of 1567384?
5
What is the hundreds digit of 2021328?
3
What is the tens digit of 148659?
5
What is the thousands digit of 15808999?
8
What is the units digit of 3904587?
7
What is the hundreds digit of 418659?
6
What 